50130 and 417.
417
Calculate the greatest common factor of 32 and 221401936.
16
Calculate the highest common factor of 576666 and 19470.
354
What is the highest common divisor of 2485762 and 40317?
151
What is the greatest common divisor of 444796 and 585640?
484
Calculate the highest common divisor of 518080 and 464.
16
Calculate the greatest common factor of 3531213 and 6279.
483
Calculate the greatest common factor of 851130 and 309186.
3474
Calculate the greatest common divisor of 49 and 3758902.
7
What is the greatest common factor of 6643871 and 377?
377
Calculate the highest common factor of 938 and 9282917.
469
Calculate the greatest common divisor of 18 and 5449779.
9
Calculate the highest common factor of 2531 and 67481522.
2531
Calculate the greatest common factor of 2771679 and 713.
31
What is the greatest common factor of 6870 and 36930?
30
Calculate the greatest common factor of 220 and 24604569.
11
What is the greatest common factor of 15 and 23259?
3
What is the highest common divisor of 616 and 580916?
28
What is the greatest common factor of 6165 and 4493052?
1233
What is the highest common divisor of 17 and 1988999048?
17
What is the highest common divisor of 495 and 33255?
45
Calculate the greatest common factor of 54239043 and 52175.
2087
What is the highest common divisor of 608 and 403808?
32
What is the greatest common divisor of 9940 and 1055?
5
Calculate the greatest common divisor of 2155590 and 160.
10
Calculate the greatest common factor of 1698 and 2504581413.
849
Calculate the greatest common divisor of 256665 and 1612290.
3615
What is the highest common factor of 580 and 78409910?
290
What is the highest common factor of 598763 and 1421?
29
Calculate the highest common divisor of 664829 and 4598.
209
Calculate the highest common factor of 1658 and 170171317.
829
What is the highest common divisor of 928 and 108288352?
32
What is the highest common divisor of 63074 and 4627338?
5734
What is the greatest common divisor of 54504967 and 10384?
649
What is the greatest common divisor of 4 and 2166334?
2
What is the greatest common divisor of 781150 and 7786?
34
What is the highest common divisor of 175545 and 261?
9
Calculate the greatest common divisor of 13141 and 39559.
17
What is the highest common divisor of 116 and 485272?
4
Calculate the highest common divisor of 234225 and 13275.
225
What is the greatest common factor of 304583 and 5605301?
541
What is the greatest common divisor of 709 and 93699313?
709
What is the highest common factor of 18 and 95178096?
18
What is the greatest common divisor of 13176 and 114189804?
6588
Calculate the highest common divisor of 21216689 and 7839.
871
What is the highest common divisor of 364 and 47806584?
28
Calculate the highest common divisor of 40625 and 3475875.
1625
What is the greatest common factor of 289927 and 649?
11
What is the highest common divisor of 90934350 and 3900?
1950
Calculate the greatest common factor of 330 and 403520920.
110
Calculate the highest common divisor of 508 and 127.
127
Calculate the greatest common divisor of 1497823 and 167.
167
What is the highest common divisor of 17543155 and 455?
35
Calculate the greatest common factor of 95934012 and 4.
4
Calculate the highest common divisor of 3782430 and 540.
270
What is the greatest common factor of 40942 and 8264701?
1861
What is the highest common factor of 123 and 264387885?
123
What is the highest common divisor of 3948 and 503110748?
1316
Calculate the highest common factor of 105640289 and 137.
137
Calculate the highest common factor of 66498831 and 3969.
441
Calculate the highest common factor of 14210 and 525190.
290
Calculate the greatest common factor of 5427 and 285700797.
1809
What is the highest common factor of 240424 and 4551?
41
What is the greatest common factor of 80104 and 45654568?
4712
What is the greatest common factor of 48581434 and 44?
22
What is the highest common divisor of 716696094 and 3702?
3702
What is the greatest common factor of 53767 and 24269?
7
Calculate the highest common divisor of 2941481 and 1281.
61
What is the highest common factor of 5442490 and 161?
23
Calculate the greatest common divisor of 236412 and 1265814.
594
Calculate the greatest common factor of 1004 and 9543020.
1004
What is the highest common factor of 356 and 381231055?
89
What is the highest common factor of 11277346 and 522?
58
What is the greatest common factor of 58591239 and 231?
21
What is the highest common factor of 1526494 and 19762?
482
Calculate the highest common divisor of 119 and 1203991.
17
Calculate the highest common factor of 512294256 and 24.
24
What is the greatest common divisor of 39851922 and 66?
66
Calculate the greatest common factor of 2112 and 145552.
176
What is the greatest common factor of 72593 and 330631?
317
What is the greatest common factor of 2327625 and 2025?
225
Calculate the greatest common factor of 22 and 189215037.
11
What is the highest common factor of 77 and 237743792?
11
Calculate the highest common factor of 2280 and 285741.
57
Calculate the highest common divisor of 15983 and 5896274.
1453
What is the highest common factor of 7065 and 2715?
15
Calculate the greatest common factor of 928538 and 3562.
26
Calculate the highest common factor of 54936 and 743400.
504
What is the highest common divisor of 56 and 7153300?
28
Calculate the highest common divisor of 103 and 6832448041.
103
What is the highest common factor of 8352 and 19187676?
1044
Calculate the greatest common divisor of 24 and 184578624.
24
Calculate the greatest common factor of 1014 and 1334931.
507
Calculate the greatest common factor of 1607415 and 143925.
1515
Calculate the highest common divisor of 7531 and 89641.
17
What is the highest common divisor of 421287180 and 222?
222
Calculate the highest common factor of 96322448 and 4920.
328
Calculate the highest common factor of 12589647 and 52437.
4767
What is the greatest common divisor of 37481 and 829647?
1013
What is the greatest common factor of 48320863 and 215?
43
Calculate the greatest common factor of 855480 and 696.
24
What is the highest common divisor of 2983376 and 40200?
536
Calculate the greatest common divisor of 56215969 and 1084.
271
What is the highest common divisor of 1116 and 57058352?
124
What is the highest common divisor of 504 and 32804037?
63
Calculate the greatest common divisor of 660 and 822448275.
165
What is the highest common factor of 201 and 40569?
3
What is the greatest common divisor of 8993 and 31648?
23
What is the highest common factor of 142002 and 410634?
126
What is the highest common factor of 8963842 and 15022?
2146
Calculate the highest common divisor of 1212 and 371882.
202
What is the greatest common factor of 462 and 295588854?
66
What is the highest common divisor of 5 and 8794945?
5
Calculate the highest common divisor of 42178960 and 80.
80
What is the greatest common divisor of 1713143 and 35137?
857
What is the greatest common factor of 1175127 and 2966340?
11409
What is the greatest common factor of 145771 and 167?
1
Calculate the greatest common divisor of 34 and 3719807128.
34
What is the greatest common divisor of 880 and 83555120?
880
What is the highest common factor of 143717 and 294294?
343
Calculate the highest common divisor of 105 and 12961536.
21
Calculate the greatest common factor of 263358 and 594.
54
What is the greatest common divisor of 14523408 and 135?
27
Calculate the greatest common factor of 9193152 and 12288.
192
Calculate the greatest common factor of 4817473 and 52429.
109
Calculate the greatest common divisor of 1269 and 1742619.
141
What is the highest common factor of 19985 and 3034865?
2855
Calculate the greatest common factor of 10 and 467455.
5
Calculate the greatest common divisor of 25434 and 8103.
3
What is the highest common factor of 5206458 and 9?
3
Calculate the greatest common divisor of 26178905 and 9915.
3305
Calculate the greatest common divisor of 111105 and 52967457.
7407
Calculate the greatest common divisor of 1886 and 3428174.
82
Calculate the greatest common factor of 967879 and 55781.
121
Calculate the highest common factor of 912140 and 48970.
590
Calculate the highest common factor of 116168 and 189306.
26
Calculate t